{"id":8,"date":"2016-04-15T10:21:22","date_gmt":"2016-04-15T10:21:22","guid":{"rendered":"http:\/\/premioassteas.com\/?page_id=8"},"modified":"2018-04-22T19:56:48","modified_gmt":"2018-04-22T19:56:48","slug":"chisiamo","status":"publish","type":"page","link":"https:\/\/premioassteas.com\/?page_id=8","title":{"rendered":"ChiSiamo"},"content":{"rendered":"<p>L&#8217;Associazione Culturale Xarte.com \u00e8 un&#8217;associazione apolitica, apartitica e senza fini di lucro ed unisce spontaneamente artisti e curatori per realizzare eventi d&#8217;arte di portata internazionale come il Premio Internazionale Iside (www.premioiside.com) , \u00a0la BeneBiennale (biennale internazionale di arte contemporanea di Benevento www.benebiennale.com ) ed appunto il premio internazionale Assteas .<\/p>\n<p>Le citati manifestazione nascono con l&#8217;intento di promuovere l&#8217;arte nelle sue varie forme ma allo stesso modo aggregare artisti per una pi\u00f9 universale diffusione delle arti. Pensiamo di dare attraverso l&#8217;arte una forza in pi\u00f9 al mondo.<\/p>\n<p>L&#8217;arte \u00e8 indubbiamente un motore di grande emotivit\u00e0 e per questo uno degli obiettivi dei premi \u00e8 affrontare tematiche sociali perch\u00e9 attraverso le opere si sporge una denuncia capace di resistere ai tempi e \u00a0colpire con maggior impeto le coscienze.<\/p>\n<p>Nelle citati manifestazioni al fine di garantire un elevato livello degli artisti in concorso, seppure non si esclude aprioristicamente alcuna tecnica, si riserva di ammettere solo le opere ritenute pi\u00f9 meritevoli.<\/p>\n<p>L&#8217;Associazione Culturale Xarte \u00e8 dotata di c.f. 01536020629 ed ha sede in Benevento alla C.da Piano Morra snc.<\/p>\n","protected":false},"excerpt":{"rendered":"<p>L&#8217;Associazione Culturale Xarte.com \u00e8 un&#8217;associazione apolitica, apartitica e senza fini di lucro ed unisce spontaneamente artisti e curatori per realizzare eventi d&#8217;arte di portata internazionale come il Premio Internazionale Iside (www.premioiside.com) , \u00a0la BeneBiennale (biennale internazionale di arte contemporanea di Benevento www.benebiennale.com ) ed appunto il premio internazionale Assteas . Le citati manifestazione nascono con [&hellip;]<\/p>\n","protected":false},"author":1,"featured_media":0,"parent":0,"menu_order":0,"comment_status":"closed","ping_status":"closed","template":"","meta":[],"_links":{"self":[{"href":"https:\/\/premioassteas.com\/index.php?rest_route=\/wp\/v2\/pages\/8"}],"collection":[{"href":"https:\/\/premioassteas.com\/index.php?rest_route=\/wp\/v2\/pages"}],"about":[{"href":"https:\/\/premioassteas.com\/index.php?rest_route=\/wp\/v2\/types\/page"}],"author":[{"embeddable":true,"href":"https:\/\/premioassteas.com\/index.php?rest_route=\/wp\/v2\/users\/1"}],"replies":[{"embeddable":true,"href":"https:\/\/premioassteas.com\/index.php?rest_route=%2Fwp%2Fv2%2Fcomments&post=8"}],"version-history":[{"count":5,"href":"https:\/\/premioassteas.com\/index.php?rest_route=\/wp\/v2\/pages\/8\/revisions"}],"predecessor-version":[{"id":174,"href":"https:\/\/premioassteas.com\/index.php?rest_route=\/wp\/v2\/pages\/8\/revisions\/174"}],"wp:attachment":[{"href":"https:\/\/premioassteas.com\/index.php?rest_route=%2Fwp%2Fv2%2Fmedia&parent=8"}],"curies":[{"name":"wp","href":"https:\/\/api.w.org\/{rel}","templated":true}]}}